{"id":68,"date":"2024-01-15T20:04:16","date_gmt":"2024-01-15T19:04:16","guid":{"rendered":"http:\/\/clg-cmonetbussy.fr\/?page_id=68"},"modified":"2025-03-23T11:42:04","modified_gmt":"2025-03-23T10:42:04","slug":"stage-de-3e-en-entreprise","status":"publish","type":"page","link":"https:\/\/clg-cmonetbussy.fr\/index.php\/stage-de-3e-en-entreprise\/","title":{"rendered":"LE STAGE DE 3e EN ENTREPRISE"},"content":{"rendered":"<h3><img loading=\"lazy\" decoding=\"async\" class=\"size-full wp-image-683 alignright\" src=\"https:\/\/clg-cmonetbussy.fr\/wp-content\/uploads\/2021\/04\/Stage-3e.png\" alt=\"\" width=\"214\" height=\"120\" srcset=\"https:\/\/clg-cmonetbussy.fr\/wp-content\/uploads\/2021\/04\/Stage-3e.png 214w, https:\/\/clg-cmonetbussy.fr\/wp-content\/uploads\/2021\/04\/Stage-3e-150x84.png 150w\" sizes=\"auto, (max-width: 214px) 100vw, 214px\" \/><\/h3>\n<h3><span style=\"font-size: 18pt; font-family: georgia, palatino, serif; color: #000000;\">COMMENT RECHERCHER UN STAGE\u00a0?<\/span><\/h3>\n<p><span style=\"font-size: 12pt; font-family: georgia, palatino, serif; color: #333333;\">Les techniques de recherche d&rsquo;un stage sont les m\u00eames que celles pour trouver un emploi\u00a0: il faut\u00a0r\u00e9diger <em><a href=\"http:\/\/www.onisep.fr\/Premiers-pas-vers-l-emploi\/Recherche-d-emploi\/Les-questions-a-se-poser-avant-de-rediger-son-CV\" target=\"_blank\" rel=\"noopener\">un CV<\/a><\/em>\u00a0et <em><a href=\"http:\/\/www.onisep.fr\/Premiers-pas-vers-l-emploi\/Recherche-d-emploi\/La-lettre-de-motivation-les-regles-de-base\" target=\"_blank\" rel=\"noopener\">une\u00a0lettre de motivation<\/a><\/em>, rechercher des entreprises, les appeler, les relancer, activer son r\u00e9seau. Votre choix de stage peut \u00eatre en lien avec votre projet professionnel. L&rsquo;objectif est tout de m\u00eame de faire un stage qui vous plaise et qui vous fasse avancer dans vos choix futurs !<\/span><\/p>\n<p style=\"text-align: justify;\"><span style=\"color: #333333;\"><em><span style=\"font-family: georgia, palatino, serif; font-size: 12pt;\"><b><strong>\u2666 <\/strong>Voici quelques pistes de recherche&#8230;<\/b><\/span><\/em><\/span><\/p>\n<ul class=\"rond\">\n<li class=\"dot\"><span style=\"font-family: georgia, palatino, serif; font-size: 12pt; color: #333333;\">Consultez les offres de stages sur Internet ;<\/span><\/li>\n<li class=\"dot\"><span style=\"font-family: georgia, palatino, serif; font-size: 12pt; color: #333333;\">Faites fonctionner votre r\u00e9seau : parler de votre recherche autour de vous, \u00e0 votre famille&#8230;;<\/span><\/li>\n<li class=\"dot\"><span style=\"font-family: georgia, palatino, serif; font-size: 12pt; color: #333333;\">Allez sur les salons ou aux journ\u00e9es portes ouvertes : vous pourrez prendre contact avec des entreprises ;<\/span><\/li>\n<li class=\"dot\"><span style=\"font-family: georgia, palatino, serif; font-size: 12pt; color: #333333;\">Demandez \u00e0 la Chambre de commerce et d&rsquo;industrie la plus proche de chez vous ;<\/span><\/li>\n<li class=\"dot\"><span style=\"font-family: georgia, palatino, serif; font-size: 12pt; color: #333333;\">Consultez les annuaires d&rsquo;entreprise de type Pages Jaunes ;<\/span><\/li>\n<li class=\"dot\"><span style=\"font-family: georgia, palatino, serif; font-size: 12pt; color: #333333;\">Contactez d&rsquo;anciens \u00e9l\u00e8ves de 3<sup>e<\/sup>.<\/span><\/li>\n<li class=\"dot\"><span style=\"font-family: georgia, palatino, serif; font-size: 12pt; color: #333333;\">Consultez les offres de stage sur la plateforme MyStage77 accessible dans les applications de l&rsquo;ENT77.<\/span><\/li>\n<li>Consultez les offres de stage sur la plateforme <a href=\"https:\/\/1eleve1stage.education.gouv.fr\/\" target=\"_blank\" rel=\"noopener\">1\u00e9l\u00e8ve1stage<\/a>.<\/li>\n<\/ul>\n<p><span style=\"font-family: georgia, palatino, serif; font-size: 12pt; color: #333333;\">Si vous ne trouvez pas d&rsquo;entreprise, parlez de vos difficult\u00e9s \u00e0 votre professeur principal !<\/span><\/p>\n<hr \/>\n<h3 class=\"western\"><span style=\"color: #000000; font-family: georgia, palatino, serif; font-size: 18pt;\">QUE FAIRE POUR BIEN R\u00c9USSIR SON STAGE ?<\/span><\/h3>\n<p><span style=\"font-family: georgia, palatino, serif; font-size: 12pt; color: #333333;\"><strong>\u2666\u00a0<\/strong><strong><i><b>Au cours du stage\u2026<\/b><\/i><\/strong><\/span><\/p>\n<ul>\n<li><span style=\"color: #333333; font-family: georgia, palatino, serif; font-size: 12pt;\">Je respecte les horaires de l\u2019entreprise et les r\u00e8gles de s\u00e9curit\u00e9.<\/span><\/li>\n<li><span style=\"color: #333333; font-family: georgia, palatino, serif; font-size: 12pt;\">Je me pr\u00e9sente et j\u2019explique aux diff\u00e9rentes personnes rencontr\u00e9es ce que je viens faire (d\u00e9couvrir un milieu professionnel) ; je suis dans une d\u00e9marche de reportage.<\/span><\/li>\n<li><span style=\"font-family: georgia, palatino, serif; font-size: 12pt; color: #333333;\">J\u2019observe les professionnels qui m\u2019entourent, je les interroge sur leur travail d\u00e8s que j\u2019en ai l\u2019occasion en m&rsquo;aidant de la <a href=\"https:\/\/clg-cmonetbussy.fr\/wp-content\/uploads\/2024\/01\/Fiche-metier.pdf\" target=\"_blank\" rel=\"noopener\"><em>Fiche m\u00e9tier<\/em><\/a>.<\/span><\/li>\n<li><span style=\"font-family: georgia, palatino, serif; font-size: 12pt; color: #333333;\">Je me renseigne sur le fonctionnement de l\u2019entreprise en m&rsquo;aidant du document <a href=\"https:\/\/clg-cmonetbussy.fr\/wp-content\/uploads\/2024\/01\/Presentation-entreprise.pdf\" target=\"_blank\" rel=\"noopener\"><i>Pr\u00e9sentation de l&rsquo;entreprise<\/i><\/a> ; j\u2019ai de quoi prendre des notes, je r\u00e9colte des documents, je prends des photos (apr\u00e8s avoir demand\u00e9 l\u2019autorisation \u00e0 mon ma\u00eetre de stage).<\/span><\/li>\n<li><span style=\"color: #333333; font-family: georgia, palatino, serif; font-size: 12pt;\">Je pose des questions \u00e0 mon ma\u00eetre de stage lorsque j\u2019ai besoin d\u2019une information ou d\u2019un renseignement. Je lui fais part de mes difficult\u00e9s.<\/span><\/li>\n<\/ul>\n<p align=\"justify\"><span style=\"font-family: georgia, palatino, serif; font-size: 12pt; color: #333333;\"><strong>\u2666\u00a0<\/strong><strong><i><b>Chaque jour\u2026<\/b><\/i><\/strong><\/span><\/p>\n<ul>\n<li><span style=\"color: #333333; font-family: georgia, palatino, serif; font-size: 12pt;\">Je tiens un journal de bord qui m\u2019aidera \u00e0 r\u00e9aliser mon diaporama.<\/span><\/li>\n<\/ul>\n<p align=\"justify\"><strong>\u2666 <\/strong><strong><i><b>Avant la fin de mon stage\u2026<\/b><\/i><\/strong><\/p>\n<ul>\n<li>Je n&rsquo;oublie pas de faire remplir \u00e0 mon tuteur <em><a href=\"https:\/\/clg-cmonetbussy.fr\/wp-content\/uploads\/2024\/01\/bilan-stage-tuteur.pdf\" target=\"_blank\" rel=\"noopener\">la fiche de bilan de stage<\/a><\/em>.<\/li>\n<\/ul>\n<p align=\"justify\"><span style=\"font-family: georgia, palatino, serif; font-size: 12pt; color: #333333;\"><strong>\u2666\u00a0<\/strong><strong><i><b>Apr\u00e8s le stage\u2026<\/b><\/i><\/strong><\/span><\/p>\n<ul>\n<li><span style=\"color: #333333; font-family: georgia, palatino, serif; font-size: 12pt;\">Je pr\u00e9pare le diaporama ainsi que mon oral de pr\u00e9sentation du stage en m&rsquo;aidant du<\/span><span style=\"color: #333333; font-family: georgia, palatino, serif; font-size: 12pt;\"> <em><a href=\"https:\/\/clg-cmonetbussy.fr\/wp-content\/uploads\/2024\/01\/Diaporama-stage.pdf\" target=\"_blank\" rel=\"noopener\">document d&rsquo;aide \u00e0 la constitution du diaporama<\/a><\/em>.<br \/>\n<\/span><\/li>\n<li><span style=\"color: #333333; font-family: georgia, palatino, serif; font-size: 12pt;\">J&rsquo;envoie une lettre de remerciement \u00e0 l&rsquo;entreprise qui m&rsquo;a accueillie.<\/span><\/li>\n<\/ul>\n<h3 class=\"western\"><span style=\"font-size: 18pt;\">COMMENT SERAI-JE \u00c9VALU\u00c9 LORS DE MON ORAL ?<\/span><\/h3>\n<p>Vous serez \u00e9valu\u00e9s par un jury compos\u00e9 de deux personnes selon les crit\u00e8res pr\u00e9cis\u00e9s sur cette <em><a href=\"https:\/\/clg-cmonetbussy.fr\/wp-content\/uploads\/2024\/01\/grille-evaluation-oral-stage.pdf\" target=\"_blank\" rel=\"noopener\">fiche d&rsquo;\u00e9valuation<\/a><\/em>.<\/p>\n","protected":false},"excerpt":{"rendered":"<p>COMMENT RECHERCHER UN STAGE\u00a0? Les techniques de recherche d&rsquo;un stage&#8230; <a class=\"continue-reading-link\" href=\"https:\/\/clg-cmonetbussy.fr\/index.php\/stage-de-3e-en-entreprise\/\">Lire la suite&#8230; <span class=\"meta-nav\">&rarr; <\/span><\/a><\/p>\n","protected":false},"author":1,"featured_media":0,"parent":0,"menu_order":0,"comment_status":"closed","ping_status":"closed","template":"templates\/template-onecolumn.php","meta":{"footnotes":""},"class_list":["post-68","page","type-page","status-publish","hentry"],"jetpack_sharing_enabled":true,"_links":{"self":[{"href":"https:\/\/clg-cmonetbussy.fr\/index.php\/wp-json\/wp\/v2\/pages\/68","targetHints":{"allow":["GET"]}}],"collection":[{"href":"https:\/\/clg-cmonetbussy.fr\/index.php\/wp-json\/wp\/v2\/pages"}],"about":[{"href":"https:\/\/clg-cmonetbussy.fr\/index.php\/wp-json\/wp\/v2\/types\/page"}],"author":[{"embeddable":true,"href":"https:\/\/clg-cmonetbussy.fr\/index.php\/wp-json\/wp\/v2\/users\/1"}],"replies":[{"embeddable":true,"href":"https:\/\/clg-cmonetbussy.fr\/index.php\/wp-json\/wp\/v2\/comments?post=68"}],"version-history":[{"count":39,"href":"https:\/\/clg-cmonetbussy.fr\/index.php\/wp-json\/wp\/v2\/pages\/68\/revisions"}],"predecessor-version":[{"id":2360,"href":"https:\/\/clg-cmonetbussy.fr\/index.php\/wp-json\/wp\/v2\/pages\/68\/revisions\/2360"}],"wp:attachment":[{"href":"https:\/\/clg-cmonetbussy.fr\/index.php\/wp-json\/wp\/v2\/media?parent=68"}],"curies":[{"name":"wp","href":"https:\/\/api.w.org\/{rel}","templated":true}]}}