{"id":36,"date":"2021-04-10T19:59:44","date_gmt":"2021-04-10T17:59:44","guid":{"rendered":"http:\/\/clg-cmonetbussy.fr\/?page_id=36"},"modified":"2021-09-27T09:38:10","modified_gmt":"2021-09-27T07:38:10","slug":"ent77","status":"publish","type":"page","link":"https:\/\/clg-cmonetbussy.fr\/index.php\/ent77\/","title":{"rendered":"L&rsquo;ENT77"},"content":{"rendered":"<header>\n<h3><img loading=\"lazy\" decoding=\"async\" class=\"size-full wp-image-542 alignright\" src=\"https:\/\/clg-cmonetbussy.fr\/wp-content\/uploads\/2021\/04\/ENT77-e1618424532955.png\" alt=\"\" width=\"120\" height=\"120\" \/><\/h3>\n<p><span style=\"font-size: 18pt; font-family: georgia, palatino, serif; color: #000000;\">L&rsquo;Espace Num\u00e9rique de Travail des \u00c9l\u00e8ves<\/span><\/p>\n<\/header>\n<div class=\"ezxmltext-field\">\n<p><span style=\"font-size: 12pt; color: #333333;\">Voici quelques guides qui devraient permettre de mieux se servir de l&rsquo;ENT 77.<\/span><\/p>\n<ul>\n<li>\n<div><span style=\"font-size: 12pt;\"><a title=\"Ma premi\u00e8re connexion\" href=\"https:\/\/ent-prod.seine-et-marne.fr\/content\/download\/1818\/10136\/file\/Premiere-connexion-Eleve.pdf\" type=\"application\/pdf\">Ma premi\u00e8re connexion\u00a0(198,69 kB)<\/a><\/span><\/div>\n<\/li>\n<li>\n<div><span style=\"font-size: 12pt;\"><a title=\"Se cr\u00e9er un mot de passe\" href=\"https:\/\/ent-prod.seine-et-marne.fr\/content\/download\/1819\/10141\/file\/Eleve-MotDePasse.pdf\" type=\"application\/pdf\">Se cr\u00e9er un mot de passe\u00a0(167,29 kB)<\/a><\/span><\/div>\n<\/li>\n<\/ul>\n<p><span style=\"font-size: 12pt; color: #333333;\">Chaque utilisateur dispose d&rsquo;un espace personnel :<\/span><\/p>\n<ul>\n<li>\n<div><span style=\"font-size: 12pt;\"><a title=\"Comment bien le g\u00e9rer.\" href=\"https:\/\/ent-prod.seine-et-marne.fr\/content\/download\/1820\/10146\/file\/Eleve-EspacePerso.pdf\" type=\"application\/pdf\">Comment bien le g\u00e9rer (600,08 kB)<\/a><\/span><\/div>\n<\/li>\n<\/ul>\n<p><span style=\"font-size: 12pt; color: #333333;\">L&rsquo;ENT permet de r\u00e9aliser des \u00e9changes num\u00e9riques entre les \u00e9l\u00e8ves et les professeurs.<\/span><\/p>\n<p><span style=\"font-size: 12pt; color: #333333;\">Un devoir, un expos\u00e9, le compte rendu d&rsquo;un expos\u00e9 ou un rapport de stage peuvent \u00eatre d\u00e9pos\u00e9s sur l&rsquo;ENT.<\/span><\/p>\n<p><span style=\"font-size: 14pt;\"><em><strong>Comment faire <\/strong><strong>?<\/strong><\/em><\/span><\/p>\n<ul>\n<li>\n<div><span style=\"font-size: 12pt;\"><a title=\"Le casier num\u00e9rique\" href=\"https:\/\/ent-prod.seine-et-marne.fr\/content\/download\/1821\/10151\/file\/Eleve-Casier.pdf\" type=\"application\/pdf\">Le casier num\u00e9rique\u00a0(304,52 kB)<\/a><\/span><\/div>\n<\/li>\n<li>\n<div><span style=\"font-size: 12pt;\"><a title=\"Utiliser un dossier de son espace personnel\" href=\"https:\/\/ent-prod.seine-et-marne.fr\/content\/download\/1822\/10156\/file\/Eleve-PartageDossier.pdf\" type=\"application\/pdf\">Utiliser un dossier de son espace personnel\u00a0(424,19 kB)<\/a><\/span><\/div>\n<\/li>\n<li>\n<div><span style=\"font-size: 12pt;\"><a title=\"La messagerie\" href=\"https:\/\/ent-prod.seine-et-marne.fr\/content\/download\/1823\/10161\/file\/Eleve-Messagerie.pdf\" type=\"application\/pdf\">La messagerie\u00a0(386,94 kB)<\/a><\/span><\/div>\n<\/li>\n<\/ul>\n<\/div>\n","protected":false},"excerpt":{"rendered":"<p>L&rsquo;Espace Num\u00e9rique de Travail des \u00c9l\u00e8ves Voici quelques guides qui&#8230; <a class=\"continue-reading-link\" href=\"https:\/\/clg-cmonetbussy.fr\/index.php\/ent77\/\">Lire la suite&#8230; <span class=\"meta-nav\">&rarr; <\/span><\/a><\/p>\n","protected":false},"author":1,"featured_media":0,"parent":0,"menu_order":0,"comment_status":"closed","ping_status":"closed","template":"templates\/template-onecolumn.php","meta":{"footnotes":""},"class_list":["post-36","page","type-page","status-publish","hentry"],"jetpack_sharing_enabled":true,"_links":{"self":[{"href":"https:\/\/clg-cmonetbussy.fr\/index.php\/wp-json\/wp\/v2\/pages\/36","targetHints":{"allow":["GET"]}}],"collection":[{"href":"https:\/\/clg-cmonetbussy.fr\/index.php\/wp-json\/wp\/v2\/pages"}],"about":[{"href":"https:\/\/clg-cmonetbussy.fr\/index.php\/wp-json\/wp\/v2\/types\/page"}],"author":[{"embeddable":true,"href":"https:\/\/clg-cmonetbussy.fr\/index.php\/wp-json\/wp\/v2\/users\/1"}],"replies":[{"embeddable":true,"href":"https:\/\/clg-cmonetbussy.fr\/index.php\/wp-json\/wp\/v2\/comments?post=36"}],"version-history":[{"count":11,"href":"https:\/\/clg-cmonetbussy.fr\/index.php\/wp-json\/wp\/v2\/pages\/36\/revisions"}],"predecessor-version":[{"id":1132,"href":"https:\/\/clg-cmonetbussy.fr\/index.php\/wp-json\/wp\/v2\/pages\/36\/revisions\/1132"}],"wp:attachment":[{"href":"https:\/\/clg-cmonetbussy.fr\/index.php\/wp-json\/wp\/v2\/media?parent=36"}],"curies":[{"name":"wp","href":"https:\/\/api.w.org\/{rel}","templated":true}]}}